Calculate the remainder when 3400 is divided by 843.
28
What is the remainder when 277873 is divided by 65?
63
What is the remainder when 2926 is divided by 45?
1
What is the remainder when 4869 is divided by 470?
169
What is the remainder when 17130 is divided by 685?
5
What is the remainder when 12699 is divided by 245?
204
What is the remainder when 3458 is divided by 347?
335
Calculate the remainder when 869 is divided by 859.
10
What is the remainder when 147053 is divided by 90?
83
What is the remainder when 485189 is divided by 270?
269
Calculate the remainder when 19572 is divided by 515.
2
What is the remainder when 904623 is divided by 25?
23
Calculate the remainder when 346817 is divided by 86701.
13
Calculate the remainder when 12974 is divided by 20.
14
What is the remainder when 55290 is divided by 91?
53
Calculate the remainder when 7284 is divided by 120.
84
Calculate the remainder when 2987 is divided by 142.
5
Calculate the remainder when 5319 is divided by 1565.
624
Calculate the remainder when 4065 is divided by 449.
24
Calculate the remainder when 4235 is divided by 39.
23
Calculate the remainder when 855 is divided by 345.
165
What is the remainder when 1452 is divided by 93?
57
Calculate the remainder when 44095 is divided by 1232.
975
What is the remainder when 935 is divided by 174?
65
What is the remainder when 14729 is divided by 125?
104
What is the remainder when 6021 is divided by 9?
0
Calculate the remainder when 8103 is divided by 1046.
781
Calculate the remainder when 85753 is divided by 28575.
28
Calculate the remainder when 13150 is divided by 83.
36
What is the remainder when 4971 is divided by 113?
112
What is the remainder when 2414 is divided by 181?
61
Calculate the remainder when 6579 is divided by 219.
9
Calculate the remainder when 61912 is divided by 1347.
1297
Calculate the remainder when 73163 is divided by 157.
1
Calculate the remainder when 14072 is divided by 7032.
8
Calculate the remainder when 672 is divided by 258.
156
What is the remainder when 10025 is divided by 5011?
3
What is the remainder when 43753 is divided by 41?
6
Calculate the remainder when 86587 is divided by 16.
11
Calculate the remainder when 27618 is divided by 36.
6
Calculate the remainder when 361443 is divided by 340.
23
Calculate the remainder when 85678 is divided by 170.
168
What is the remainder when 574 is divided by 282?
10
Calculate the remainder when 174743 is divided by 254.
245
What is the remainder when 67635 is divided by 19?
14
What is the remainder when 62748 is divided by 251?
249
Calculate the remainder when 11714 is divided by 1751.
1208
What is the remainder when 40719 is divided by 617?
614
Calculate the remainder when 16770 is divided by 118.
14
Calculate the remainder when 10715927 is divided by 46.
43
Calculate the remainder when 603 is divided by 597.
6
Calculate the remainder when 1305928 is divided by 5.
3
What is the remainder when 21598 is divided by 7198?
4
What is the remainder when 8588 is divided by 24?
20
Calculate the remainder when 1106905 is divided by 211.
210
What is the remainder when 362990 is divided by 533?
17
Calculate the remainder when 1529798 is divided by 164.
6
Calculate the remainder when 2415 is divided by 744.
183
What is the remainder when 7512 is divided by 356?
36
What is the remainder when 28894 is divided by 758?
90
Calculate the remainder when 1442053 is divided by 94.
93
What is the remainder when 5381 is divided by 672?
5
Calculate the remainder when 35335 is divided by 47.
38
What is the remainder when 70723 is divided by 48?
19
What is the remainder when 34197 is divided by 59?
36
What is the remainder when 15106 is divided by 73?
68
Calculate the remainder when 9028 is divided by 39.
19
What is the remainder when 3846 is divided by 431?
398
Calculate the remainder when 41949 is divided by 50.
49
What is the remainder when 1590 is divided by 145?
140
What is the remainder when 62813 is divided by 151?
148
What is the remainder when 1263 is divided by 135?
48
Calculate the remainder when 10748 is divided by 1275.
548
What is the remainder when 352571 is divided by 29?
18
Calculate the remainder when 3227 is divided by 1521.
185
Calculate the remainder when 81372 is divided by 10157.
116
Calculate the remainder when 83588 is divided by 149.
148
Calculate the remainder when 360140 is divided by 15657.
29
What is the remainder when 86673 is divided by 43331?
11
Calculate the remainder when 16621 is divided by 506.
429
Calculate the remainder when 13083 is divided by 4357.
12
Calculate the remainder when 7021 is divided by 36.
1
Calculate the remainder when 47487 is divided by 321.
300
Calculate the remainder when 1739 is divided by 706.
327
What is the remainder when 3865074 is divided by 1501?
1500
What is the remainder when 575 is divided by 212?
151
What is the remainder when 3661 is divided by 1729?
203
What is the remainder when 242903 is divided by 35?
3
Calculate the remainder when 52799 is divided by 328.
319
Calculate the remainder when 5198 is divided by 1668.
194
What is the remainder when 906243 is divided by 506?
503
What is the remainder when 1036 is divided by 366?
304
Calculate the remainder when 196414 is divided by 496.
494
What is the remainder when 17729 is divided by 11?
8
Calculate the remainder when 26543 is divided by 24.
23
What is the remainder when 30818 is divided by 453?
14
What is the remainder when 7277 is divided by 178?
157
What is the remainder when 2816 is divided by 592?
448
What is the remainder when 6240 is divided by 437?
122
Calculate the remainder when 10142 is divided by 1004.
102
Calculate the remainder when 386 is divided by 368.
18
Calculate the remainder when 1475 is divided by 1465.
10
Calculate the remainder when 379403 is divided by 128.
11
What is the remainder when 276590 is divided by 1129?
1114
What is the remainder when 406 is divided by 29?
0
Calculate the remainder when 461153 is divided by 21.
14
Calculate the remainder when 7725 is divided by 184.
181
What is the remainder when 42585 is divided by 63?
60
What is the remainder when 12013 is divided by 2399?
18
Calculate the remainder when 16304 is divided by 2716.
8
Calculate the remainder when 3164 is divided by 222.
56
What is the remainder when 335919 is divided by 272?
271
Calculate the remainder when 108084 is divided by 67.
13
Calculate the remainder when 609887 is divided by 56.
47
Calculate the remainder when 4468 is divided by 42.
16
What is the remainder when 3463 is divided by 716?
599
Calculate the remainder when 1119983 is divided by 1257.
1253
What is the remainder when 127427 is divided by 356?
335
Calculate the remainder when 7679 is divided by 3804.
71
Calculate the remainder when 906 is divided by 126.
24
Calculate the remainder when 3900379 is divided by 11.
10
Calculate the remainder when 125076 is divided by 62536.
4
What is the remainder when 51301 is divided by 29?
0
Calculate the remainder when 32737 is divided by 55.
12
What is the remainder when 59735 is divided by 262?
261
What is the remainder when 58015 is divided by 2417?
7
Calculate the remainder when 1260 is divided by 183.
162
Calculate the remainder when 2006 is divided by 308.
158
What is the remainder when 155029 is divided by 297?
292
Calculate the remainder when 9228 is divided by 243.
237
What is the remainder when 85189 is divided by 22?
5
What is the remainder when 52616 is divided by 52?
44
Calculate the remainder when 11844 is divided by 382.
2
What is the remainder when 502505 is divided by 18?
17
Calculate the remainder when 10992 is divided by 254.
70
What is the remainder when 672 is divided by 212?
36
Calculate the remainder when 424565 is divided by 29.
5
Calculate the remainder when 95722 is divided by 121.
11
Calculate the remainder when 97198 is divided by 300.
298
Calculate the remainder when 98618 is divided by 16435.
8
What is the remainder when 76212 is divided by 15240?
12
What is the remainder when 3295 is divided by 473?
457
Calculate the remainder when 7280 is divided by 132.
20
What is the remainder when 1389 is divided by 1359?
30
Calculate the remainder when 2429 is divided by 247.
206
Calculate the remainder when 1273 is divided by 69.
31
Calcu